{"id":11377,"date":"2021-09-21T09:19:36","date_gmt":"2021-09-21T07:19:36","guid":{"rendered":"https:\/\/amazing-flat-beauties.de\/?page_id=11377"},"modified":"2026-03-26T14:36:07","modified_gmt":"2026-03-26T13:36:07","slug":"toffee","status":"publish","type":"page","link":"https:\/\/amazing-flat-beauties.de\/?page_id=11377","title":{"rendered":"Amazing Flat Beauties &#8211; Kusma -Toffee"},"content":{"rendered":"\n<figure class=\"wp-block-image size-large is-style-default\"><img data-recalc-dims=\"1\" loading=\"lazy\" decoding=\"async\" width=\"529\" height=\"353\" data-attachment-id=\"12462\" data-permalink=\"https:\/\/amazing-flat-beauties.de\/?attachment_id=12462\" data-orig-file=\"https:\/\/i0.wp.com\/amazing-flat-beauties.de\/wp-content\/uploads\/2026\/03\/1c1115c5-5b7d-4ba3-840a-0feaada03f75.png?fit=1536%2C1024&amp;ssl=1\" data-orig-size=\"1536,1024\" data-comments-opened=\"1\" data-image-meta=\"{&quot;aperture&quot;:&quot;0&quot;,&quot;credit&quot;:&quot;&quot;,&quot;camera&quot;:&quot;&quot;,&quot;caption&quot;:&quot;&quot;,&quot;created_timestamp&quot;:&quot;0&quot;,&quot;copyright&quot;:&quot;&quot;,&quot;focal_length&quot;:&quot;0&quot;,&quot;iso&quot;:&quot;0&quot;,&quot;shutter_speed&quot;:&quot;0&quot;,&quot;title&quot;:&quot;&quot;,&quot;orientation&quot;:&quot;0&quot;}\" data-image-title=\"1c1115c5-5b7d-4ba3-840a-0feaada03f75\" data-image-description=\"\" data-image-caption=\"\" data-medium-file=\"https:\/\/i0.wp.com\/amazing-flat-beauties.de\/wp-content\/uploads\/2026\/03\/1c1115c5-5b7d-4ba3-840a-0feaada03f75.png?fit=300%2C200&amp;ssl=1\" data-large-file=\"https:\/\/i0.wp.com\/amazing-flat-beauties.de\/wp-content\/uploads\/2026\/03\/1c1115c5-5b7d-4ba3-840a-0feaada03f75.png?fit=529%2C353&amp;ssl=1\" src=\"https:\/\/i0.wp.com\/amazing-flat-beauties.de\/wp-content\/uploads\/2026\/03\/1c1115c5-5b7d-4ba3-840a-0feaada03f75.png?resize=529%2C353&#038;ssl=1\" alt=\"\" class=\"wp-image-12462\" srcset=\"https:\/\/i0.wp.com\/amazing-flat-beauties.de\/wp-content\/uploads\/2026\/03\/1c1115c5-5b7d-4ba3-840a-0feaada03f75.png?resize=1024%2C683&amp;ssl=1 1024w, https:\/\/i0.wp.com\/amazing-flat-beauties.de\/wp-content\/uploads\/2026\/03\/1c1115c5-5b7d-4ba3-840a-0feaada03f75.png?resize=300%2C200&amp;ssl=1 300w, https:\/\/i0.wp.com\/amazing-flat-beauties.de\/wp-content\/uploads\/2026\/03\/1c1115c5-5b7d-4ba3-840a-0feaada03f75.png?resize=768%2C512&amp;ssl=1 768w, https:\/\/i0.wp.com\/amazing-flat-beauties.de\/wp-content\/uploads\/2026\/03\/1c1115c5-5b7d-4ba3-840a-0feaada03f75.png?w=1536&amp;ssl=1 1536w\" sizes=\"auto, (max-width: 529px) 100vw, 529px\" \/><\/figure>\n\n\n\n<p><strong>Amazing Flat Beauties &#8211; Kusma &#8211; Rufname Toffee<\/strong> *11.05.2020<\/p>\n\n\n\n<p>stammt aus :<\/p>\n\n\n\n<p><br \/><strong>(Kelwin be Quick with Passion &amp; Amor Vincit Omnia-Kaczy R\u00f3d<\/strong>)<br \/><\/p>\n\n\n\n<p>Er ist ein wundersch\u00f6ner dunkelbrauner R\u00fcde mit einem super tollen Charakter, der jeden in seinen Bann zieht. Supervertr\u00e4glich mit allen und jedem.<br \/>Wir freuen uns sehr \u00fcber diesen Prachtvollen R\u00fcden der unsere Zucht nun bereichert.<br \/>Toffee lebt bei Freunden ganz in unserer N\u00e4he und ist in einer Familie mit 3 Kids gro\u00dfgeworden und wird dort gef\u00f6rdert und gefordert und \u00fcber alles geliebt.<br \/><br \/>HD A1 (GRSK)<br \/>ED 0(GRSK)<br \/>OCD frei, (GRSK) <br \/>PL frei<\/p>\n\n\n\n<p>PRA\/HC\/RD\/Gonio frei (DOK)&nbsp;<\/p>\n\n\n\n<p>Herz klar (Herzultraschall mit Farbdoppler)&nbsp;<br \/><\/p>\n\n\n\n<p><strong>Wesenstest bestanden<\/strong><br \/>Zuchttauglichkeitsbescheinigung ohne Auflagen, tauglich f\u00fcr die Standardzucht<\/p>\n\n\n\n<p>Formwert \u2013 Vorz\u00fcglich  Zuchtzulassung erteilt 09\/2021<\/p>\n\n\n\n<p>Schulterh\u00f6he ca 64 cm <\/p>\n\n\n\n<p>Toffee konnte durch seinen Vorz\u00fcglichen Formwerte schon das <strong>INTERNATIONALE CHAMPIONAT<\/strong> erreichen.<br \/>Im Ehrenring mit 12 ! Flats erreichte er Platz 2 im BEST OF BREED. <br \/>Zweitbester Flat Coated an diesem Tag.<br \/>den ersten Platz erhielt \u00fcbrigens eine ODIN Tochter \ud83d\ude42<\/p>\n\n\n\n<figure class=\"wp-block-image size-full is-style-default\"><img data-recalc-dims=\"1\" loading=\"lazy\" decoding=\"async\" width=\"529\" height=\"748\" data-attachment-id=\"11424\" data-permalink=\"https:\/\/amazing-flat-beauties.de\/?attachment_id=11424\" data-orig-file=\"https:\/\/i0.wp.com\/amazing-flat-beauties.de\/wp-content\/uploads\/2021\/09\/2021_09_05_Weltsieger.jpg?fit=581%2C822&amp;ssl=1\" data-orig-size=\"581,822\" data-comments-opened=\"1\" data-image-meta=\"{&quot;aperture&quot;:&quot;0&quot;,&quot;credit&quot;:&quot;&quot;,&quot;camera&quot;:&quot;&quot;,&quot;caption&quot;:&quot;&quot;,&quot;created_timestamp&quot;:&quot;0&quot;,&quot;copyright&quot;:&quot;&quot;,&quot;focal_length&quot;:&quot;0&quot;,&quot;iso&quot;:&quot;0&quot;,&quot;shutter_speed&quot;:&quot;0&quot;,&quot;title&quot;:&quot;&quot;,&quot;orientation&quot;:&quot;0&quot;}\" data-image-title=\"2021_09_05_Weltsieger\" data-image-description=\"\" data-image-caption=\"\" data-medium-file=\"https:\/\/i0.wp.com\/amazing-flat-beauties.de\/wp-content\/uploads\/2021\/09\/2021_09_05_Weltsieger.jpg?fit=212%2C300&amp;ssl=1\" data-large-file=\"https:\/\/i0.wp.com\/amazing-flat-beauties.de\/wp-content\/uploads\/2021\/09\/2021_09_05_Weltsieger.jpg?fit=529%2C748&amp;ssl=1\" src=\"https:\/\/i0.wp.com\/amazing-flat-beauties.de\/wp-content\/uploads\/2021\/09\/2021_09_05_Weltsieger.jpg?resize=529%2C748&#038;ssl=1\" alt=\"\" class=\"wp-image-11424\" srcset=\"https:\/\/i0.wp.com\/amazing-flat-beauties.de\/wp-content\/uploads\/2021\/09\/2021_09_05_Weltsieger.jpg?w=581&amp;ssl=1 581w, https:\/\/i0.wp.com\/amazing-flat-beauties.de\/wp-content\/uploads\/2021\/09\/2021_09_05_Weltsieger.jpg?resize=212%2C300&amp;ssl=1 212w\" sizes=\"auto, (max-width: 529px) 100vw, 529px\" \/><\/figure>\n\n\n\n<p><br \/><br \/><br \/><\/p>\n","protected":false},"excerpt":{"rendered":"<p>Amazing Flat Beauties &#8211; Kusma &#8211; Rufname Toffee *11.05.2020 stammt aus : (Kelwin be Quick with Passion &amp; Amor Vincit &hellip;<\/p>\n<p><a href=\"https:\/\/amazing-flat-beauties.de\/?page_id=11377\">Continue reading <span class=\"meta-nav\">&rarr;<\/span><\/a><\/p>\n","protected":false},"author":1,"featured_media":0,"parent":6960,"menu_order":5,"comment_status":"closed","ping_status":"closed","template":"","meta":{"jetpack_post_was_ever_published":false,"footnotes":""},"class_list":["post-11377","page","type-page","status-publish","hentry"],"jetpack_sharing_enabled":true,"jetpack_shortlink":"https:\/\/wp.me\/P9WiID-2Xv","jetpack-related-posts":[],"_links":{"self":[{"href":"https:\/\/amazing-flat-beauties.de\/index.php?rest_route=\/wp\/v2\/pages\/11377","targetHints":{"allow":["GET"]}}],"collection":[{"href":"https:\/\/amazing-flat-beauties.de\/index.php?rest_route=\/wp\/v2\/pages"}],"about":[{"href":"https:\/\/amazing-flat-beauties.de\/index.php?rest_route=\/wp\/v2\/types\/page"}],"author":[{"embeddable":true,"href":"https:\/\/amazing-flat-beauties.de\/index.php?rest_route=\/wp\/v2\/users\/1"}],"replies":[{"embeddable":true,"href":"https:\/\/amazing-flat-beauties.de\/index.php?rest_route=%2Fwp%2Fv2%2Fcomments&post=11377"}],"version-history":[{"count":22,"href":"https:\/\/amazing-flat-beauties.de\/index.php?rest_route=\/wp\/v2\/pages\/11377\/revisions"}],"predecessor-version":[{"id":12511,"href":"https:\/\/amazing-flat-beauties.de\/index.php?rest_route=\/wp\/v2\/pages\/11377\/revisions\/12511"}],"up":[{"embeddable":true,"href":"https:\/\/amazing-flat-beauties.de\/index.php?rest_route=\/wp\/v2\/pages\/6960"}],"wp:attachment":[{"href":"https:\/\/amazing-flat-beauties.de\/index.php?rest_route=%2Fwp%2Fv2%2Fmedia&parent=11377"}],"curies":[{"name":"wp","href":"https:\/\/api.w.org\/{rel}","templated":true}]}}